visor of 96 and 12552?
24
What is the greatest common divisor of 17085 and 510?
255
Calculate the greatest common factor of 2625 and 63.
21
What is the greatest common divisor of 45 and 9?
9
What is the greatest common divisor of 3610 and 76?
38
Calculate the greatest common factor of 70 and 875.
35
What is the greatest common divisor of 366 and 6?
6
Calculate the highest common factor of 92 and 54556.
92
What is the greatest common factor of 495 and 22?
11
Calculate the highest common divisor of 72 and 1152.
72
Calculate the highest common factor of 56 and 1358.
14
Calculate the highest common factor of 3382 and 3738.
178
Calculate the highest common divisor of 204 and 2091.
51
What is the greatest common factor of 84 and 24?
12
Calculate the greatest common factor of 8 and 1784.
8
What is the highest common factor of 1962 and 18?
18
Calculate the highest common factor of 2275 and 4914.
91
Calculate the greatest common divisor of 17045 and 28.
7
What is the highest common factor of 20803 and 71?
71
What is the highest common factor of 28 and 21?
7
What is the greatest common factor of 9 and 8919?
9
Calculate the highest common divisor of 12193 and 548.
137
Calculate the greatest common divisor of 8190 and 78.
78
Calculate the greatest common factor of 1781 and 7261.
137
Calculate the highest common divisor of 999 and 37.
37
Calculate the highest common divisor of 268 and 2278.
134
What is the greatest common factor of 4669 and 232?
29
What is the highest common divisor of 2375 and 250?
125
What is the greatest common factor of 36 and 4869?
9
Calculate the greatest common divisor of 30 and 110.
10
Calculate the greatest common factor of 2890 and 255.
85
Calculate the greatest common factor of 7965 and 90.
45
What is the highest common factor of 28 and 11018?
14
What is the greatest common factor of 74 and 333?
37
Calculate the greatest common divisor of 1807 and 13.
13
Calculate the greatest common divisor of 2295 and 935.
85
What is the highest common divisor of 261 and 63?
9
What is the highest common factor of 6578 and 230?
46
What is the greatest common divisor of 315 and 180?
45
What is the greatest common divisor of 765 and 1275?
255
Calculate the highest common factor of 4074 and 56.
14
What is the highest common divisor of 252 and 28854?
126
What is the highest common divisor of 86176 and 32?
32
What is the highest common divisor of 174 and 3422?
58
Calculate the greatest common factor of 608 and 352.
32
Calculate the highest common divisor of 22 and 187.
11
What is the highest common divisor of 376 and 8?
8
Calculate the highest common divisor of 17900 and 40.
20
What is the highest common factor of 179 and 1?
1
What is the greatest common divisor of 52 and 364?
52
Calculate the greatest common factor of 126 and 180.
18
Calculate the greatest common factor of 70168 and 28.
28
Calculate the highest common factor of 1107 and 108.
27
Calculate the highest common factor of 10922 and 1270.
254
Calculate the greatest common factor of 279 and 62.
31
What is the greatest common factor of 4250 and 34?
34
What is the highest common divisor of 615 and 600?
15
What is the highest common divisor of 121 and 33?
11
Calculate the highest common factor of 73 and 1825.
73
Calculate the greatest common factor of 84 and 532.
28
Calculate the greatest common divisor of 129 and 3.
3
What is the highest common divisor of 7 and 5?
1
What is the highest common factor of 703 and 38?
19
Calculate the highest common factor of 75 and 255.
15
Calculate the greatest common factor of 16019 and 581.
83
Calculate the highest common factor of 252 and 1476.
36
Calculate the greatest common factor of 2528 and 79.
79
What is the highest common factor of 34 and 1751?
17
What is the greatest common divisor of 1036 and 28?
28
Calculate the highest common factor of 90 and 12.
6
Calculate the greatest common factor of 140 and 910.
70
Calculate the greatest common factor of 1501 and 38.
19
Calculate the highest common factor of 4 and 1742.
2
Calculate the greatest common divisor of 4929 and 744.
93
Calculate the highest common divisor of 525 and 50.
25
What is the highest common divisor of 209 and 38?
19
Calculate the greatest common divisor of 341 and 248.
31
Calculate the highest common divisor of 92 and 20.
4
Calculate the highest common factor of 96 and 552.
24
Calculate the highest common factor of 8 and 10.
2
Calculate the greatest common divisor of 70 and 945.
35
What is the greatest common divisor of 44 and 1364?
44
Calculate the highest common divisor of 50 and 90.
10
What is the greatest common divisor of 19 and 7?
1
Calculate the highest common factor of 2105 and 45.
5
Calculate the highest common factor of 651 and 124.
31
Calculate the greatest common factor of 650 and 150.
50
Calculate the highest common factor of 12 and 1572.
12
What is the highest common divisor of 52 and 286?
26
Calculate the greatest common factor of 1964 and 4.
4
Calculate the highest common divisor of 1131 and 87.
87
What is the greatest common factor of 219 and 9?
3
What is the highest common factor of 184 and 24?
8
What is the greatest common divisor of 7 and 11459?
7
What is the greatest common factor of 14 and 10?
2
What is the highest common factor of 90 and 480?
30
Calculate the highest common divisor of 20 and 188.
4
What is the greatest common divisor of 300 and 180?
60
Calculate the highest common divisor of 950 and 260.
10
What is the greatest common divisor of 6400 and 300?
100
Calculate the highest common divisor of 182 and 42.
14
Calculate the greatest common divisor of 110 and 23705.
55
Calculate the greatest common factor of 24 and 16.
8
Calculate the greatest common divisor of 742 and 70.
14
Calculate the greatest common divisor of 41 and 41.
41
What is the greatest common factor of 595 and 21?
7
What is the highest common divisor of 112 and 84?
28
What is the highest common divisor of 138358 and 22?
22
Calculate the greatest common divisor of 3580 and 1253.
179
What is the highest common factor of 99 and 1221?
33
What is the highest common factor of 18 and 276?
6
Calculate the greatest common factor of 99 and 1793.
11
Calculate the highest common factor of 3090 and 90.
30
What is the greatest common factor of 1496 and 187?
187
What is the highest common divisor of 45 and 189?
9
What is the greatest common factor of 28 and 38332?
28
Calculate the highest common factor of 51 and 612.
51
Calculate the highest common factor of 38 and 1102.
38
What is the greatest common factor of 667 and 345?
23
Calculate the greatest common divisor of 373 and 1.
1
What is the highest common divisor of 46 and 3726?
46
Calculate the greatest common factor of 8704 and 204.
68
Calculate the highest common divisor of 110 and 1342.
22
Calculate the highest common factor of 2624 and 3608.
328
Calculate the greatest common factor of 39 and 11219.
13
Calculate the greatest common factor of 3 and 1242.
3
What is the highest common factor of 648 and 1134?
162
What is the greatest common factor of 240 and 75?
15
What is the highest common divisor of 52 and 16?
4
What is the greatest common divisor of 102 and 1309?
17
Calculate the highest common divisor of 2050 and 574.
82
Calculate the greatest common factor of 216 and 351.
27
What is the greatest common factor of 63 and 36?
9
Calculate the greatest common factor of 228 and 2676.
12
What is the greatest common divisor of 583 and 159?
53
Calculate the greatest common divisor of 1532 and 8.
4
Calculate the highest common divisor of 17 and 13.
1
Calculate the greatest common factor of 40 and 344.
8
Calculate the greatest common divisor of 13 and 533.
13
Calculate the greatest common divisor of 1212 and 48.
12
Calculate the greatest common factor of 84 and 518.
14
What is the highest common factor of 1106 and 84?
14
Calculate the greatest common divisor of 66 and 1470.
6
Calculate the greatest common factor of 3212 and 220.
44
What is the greatest common factor of 339 and 3?
3
Calculate the highest common factor of 5198 and 46.
46
What is the highest common factor of 12 and 5?
1
What is the highest common factor of 472 and 8?
8
What is the greatest common factor of 82 and 10291?
41
Calculate the highest common factor of 8041 and 1122.
187
Calculate the hi